1.
17
What is the greatest common factor of 6430 and 6024267?
643
What is the highest common factor of 43821 and 9261?
27
Calculate the greatest common factor of 34380 and 92970.
90
Calculate the greatest common factor of 190 and 423662.
38
What is the greatest common factor of 9336486 and 2261?
19
What is the greatest common factor of 975 and 425550?
75
Calculate the greatest common divisor of 958 and 829149.
479
What is the greatest common factor of 1993344 and 3?
3
What is the highest common factor of 120 and 575265?
15
Calculate the greatest common factor of 13729570 and 80.
10
Calculate the highest common divisor of 174 and 1135914.
6
Calculate the greatest common divisor of 6 and 981488538.
6
What is the highest common factor of 128 and 10359616?
64
Calculate the greatest common divisor of 1003840 and 4432.
16
What is the greatest common divisor of 38000 and 35720?
760
What is the highest common factor of 26 and 29311256?
26
What is the greatest common factor of 280 and 220745?
35
Calculate the highest common factor of 679172 and 100252.
1412
What is the greatest common factor of 69060 and 119160?
60
Calculate the highest common divisor of 215440218 and 1428.
714
Calculate the greatest common divisor of 17424 and 2615536.
1936
Calculate the highest common factor of 53972 and 6708596.
412
What is the greatest common factor of 277006 and 3655?
43
Calculate the greatest common divisor of 900 and 29623950.
450
Calculate the greatest common divisor of 452 and 179792.
4
What is the greatest common divisor of 20454105 and 30?
15
What is the highest common factor of 594 and 4065903?
27
Calculate the highest common divisor of 728485732 and 15832.
7916
Calculate the greatest common factor of 151754598 and 2412.
1206
Calculate the greatest common factor of 1503 and 19609474.
167
Calculate the highest common divisor of 223 and 163.
1
What is the highest common factor of 975793440 and 320?
160
What is the highest common divisor of 383 and 1929?
1
Calculate the highest common divisor of 5246 and 721447.
61
What is the highest common factor of 3034 and 948902?
74
What is the highest common factor of 99 and 982161378?
99
Calculate the highest common divisor of 578713082 and 51.
17
Calculate the greatest common factor of 89175 and 452775.
75
Calculate the highest common divisor of 127747858 and 8106.
2702
What is the greatest common divisor of 4650237 and 174?
87
What is the greatest common factor of 1749 and 6867157?
583
What is the highest common divisor of 134616 and 1988?
284
What is the greatest common divisor of 18173 and 27348227?
1069
What is the greatest common factor of 9706484 and 20?
4
Calculate the highest common divisor of 6562856 and 1074.
358
Calculate the greatest common factor of 6870 and 84795.
15
What is the greatest common factor of 217184 and 20192?
32
Calculate the highest common factor of 186931924 and 213.
71
What is the greatest common divisor of 1871 and 891445434?
1871
What is the highest common factor of 4135175 and 2734?
1367
Calculate the greatest common factor of 1382564753 and 46.
23
Calculate the greatest common factor of 1740 and 1815.
15
What is the highest common divisor of 5364 and 8120500?
596
What is the highest common factor of 40713150 and 600?
150
What is the greatest common divisor of 4018344 and 374?
22
What is the highest common divisor of 4672 and 125706?
146
What is the greatest common factor of 102575935 and 7?
7
What is the highest common divisor of 234720 and 33840?
720
What is the greatest common factor of 154 and 360367?
7
Calculate the highest common factor of 80 and 86512.
16
Calculate the highest common factor of 244 and 4827500.
4
Calculate the greatest common factor of 248 and 190130533.
31
What is the greatest common factor of 5255134 and 1710?
38
What is the greatest common divisor of 2422858 and 3830?
766
What is the greatest common factor of 1501459 and 3122?
223
What is the highest common factor of 4375066 and 17034?
334
Calculate the greatest common factor of 73185 and 82824.
357
What is the greatest common factor of 1509030 and 108?
54
Calculate the highest common factor of 29315 and 248952.
451
What is the highest common factor of 17993894 and 5150?
206
What is the greatest common factor of 33276 and 368292?
564
What is the greatest common divisor of 380 and 1541945?
95
What is the highest common factor of 540 and 1977816?
12
Calculate the highest common factor of 6400 and 171650.
50
What is the highest common factor of 831185694 and 376?
94
What is the greatest common factor of 1717303 and 5757?
101
What is the greatest common factor of 216409710 and 1452?
726
What is the greatest common divisor of 66 and 14054?
2
What is the highest common divisor of 1010958 and 83486?
338
What is the greatest common factor of 267069641 and 839?
839
Calculate the greatest common divisor of 10683 and 156361136.
1187
What is the greatest common divisor of 2601 and 3640176?
153
Calculate the highest common factor of 72924424 and 4646.
202
What is the highest common divisor of 488061 and 31842?
549
What is the highest common factor of 13433797 and 13?
13
What is the greatest common factor of 1168 and 1921424?
16
What is the highest common factor of 71282 and 71630?
58
What is the highest common factor of 165649 and 149460168?
4477
What is the greatest common divisor of 136676980 and 55?
55
Calculate the greatest common divisor of 19 and 97574.
1
Calculate the highest common divisor of 12104 and 620432.
136
What is the highest common divisor of 141929235 and 6615?
2205
What is the highest common divisor of 30704756 and 248?
124
Calculate the highest common factor of 1500 and 32986500.
1500
Calculate the greatest common divisor of 2523884 and 418.
418
Calculate the highest common factor of 3707 and 129521.
1
Calculate the highest common divisor of 5358 and 220590.
114
Calculate the highest common divisor of 5127760 and 256.
16
What is the highest common factor of 1564326 and 59902?
982
Calculate the highest common divisor of 161318224 and 74.
74
Calculate the greatest common factor of 29791266 and 2598.
2598
What is the greatest common divisor of 230 and 292491?
23
Calculate the greatest common factor of 3222 and 3411024.
1074
Calculate the greatest common factor of 337123 and 229061.
761
What is the greatest common divisor of 146307213 and 888?
111
Calculate the highest common divisor of 102 and 1402012644.
102
Calculate the highest common divisor of 1342 and 17550554.
122
What is the highest common divisor of 204 and 3172?
4
Calculate the greatest common divisor of 5505381 and 1512.
189
What is the greatest common divisor of 5627127 and 5289?
123
Calculate the greatest common factor of 27047 and 1817997.
731
Calculate the greatest common divisor of 1271654 and 908.
454
What is the highest common factor of 90 and 210221307?
9
What is the highest common divisor of 792300 and 2502?
834
Calculate the highest common divisor of 1245 and 10270420.
415
What is the highest common factor of 1588 and 65005177?
397
Calculate the greatest common divisor of 522 and 236718.
18
What is the greatest common divisor of 704 and 15887872?
704
Calculate the highest common factor of 12325 and 46110.
145
What is the greatest common factor of 103674 and 560698?
74
Calculate the highest common divisor of 81648 and 498204.
756
Calculate the greatest common divisor of 107701152 and 409.
409
What is the greatest common factor of 12032 and 3599683?
47
Calculate the greatest common factor of 4239 and 74601.
27
What is the highest common divisor of 2484811 and 63?
7
What is the highest common factor of 54 and 309398?
2
Calculate the highest common factor of 851436 and 317178.
1206
What is the highest common divisor of 2172064 and 36256?
3296
Calculate the highest common divisor of 115872 and 5777280.
1632
What is the highest common divisor of 17904 and 5564787?
1119
What is the highest common divisor of 16 and 1390860?
4
Calculate the highest common factor of 60 and 90319785.
15
Calculate the greatest common factor of 36 and 219989700.
36
What is the greatest common divisor of 1789 and 728582773?
1789
Calculate the highest common divisor of 172 and 455981116.
172
Calculate the highest common factor of 76 and 227268310.
38
What is the 